ue
Is 54177400043 a prime number?
False
Is 129921287 prime?
True
Is 6331737799 a composite number?
False
Is 4914336769 a prime number?
False
Is 27506802461 composite?
True
Is 9029837807 a prime number?
False
Is 366841499 composite?
True
Is 632319377 composite?
False
Is 864062093 prime?
False
Is 15566536309 prime?
False
Is 12248602771 prime?
False
Is 3800928533 a composite number?
False
Is 1554208807 a prime number?
True
Is 80183573123 a composite number?
True
Is 285837581 a composite number?
False
Is 950652119 a prime number?
True
Is 251791907 a composite number?
True
Is 70109138059 composite?
True
Is 903511567 a prime number?
False
Is 309059627 prime?
False
Is 1327248827 prime?
True
Is 240286801 a composite number?
False
Is 940184969 a composite number?
False
Is 26448471179 prime?
False
Is 33309213347 a prime number?
False
Is 19533488003 a prime number?
True
Is 160445759 composite?
False
Is 27350801 a prime number?
True
Is 432505127 prime?
False
Is 1289403971 composite?
False
Is 777822889 a composite number?
True
Is 2270598103 prime?
False
Is 15418083641 a composite number?
True
Is 20826274631 a prime number?
True
Is 9336089795 composite?
True
Is 37946274011 a prime number?
True
Is 17581150247 a composite number?
True
Is 1309293413 a prime number?
False
Is 220809247 a prime number?
False
Is 12455373451 prime?
False
Is 3586183421 prime?
False
Is 4036261021 composite?
True
Is 9543033107 prime?
False
Is 5068904117 composite?
False
Is 264160979 composite?
False
Is 75228461629 prime?
True
Is 4300765031 composite?
False
Is 3903102251 prime?
True
Is 2030470603 a prime number?
False
Is 311909850061 a composite number?
True
Is 23594044471 a composite number?
True
Is 1794659941 a composite number?
True
Is 56215963 prime?
True
Is 520787591 a composite number?
False
Is 16938275017 a prime number?
True
Is 1620703147 prime?
False
Is 166417711 a composite number?
False
Is 566340673 a prime number?
False
Is 6964277477 a prime number?
False
Is 67217457329 prime?
False
Is 1783066003 composite?
False
Is 2003972513 prime?
True
Is 9124881641 composite?
True
Is 14644301897 prime?
True
Is 93680443 a prime number?
False
Is 1217188157 a prime number?
False
Is 8601946813 composite?
True
Is 9377825813 a prime number?
True
Is 1926930755 composite?
True
Is 1085024909 a prime number?
True
Is 2839008331 a composite number?
True
Is 1687490661 composite?
True
Is 357086927 a prime number?
False
Is 778839911 composite?
False
Is 27737539351 composite?
False
Is 459898177 prime?
False
Is 501106631 composite?
True
Is 24707811911 prime?
False
Is 1327567403 a composite number?
True
Is 56918939237 a prime number?
True
Is 87770153567 prime?
True
Is 20306894137 composite?
False
Is 404708184119 prime?
True
Is 3893867123 a composite number?
True
Is 1387699439 a composite number?
True
Is 112733743 prime?
True
Is 26710858169 a prime number?
False
Is 736317019 prime?
True
Is 128414854219 composite?
False
Is 4014542803 a composite number?
False
Is 1506417557 composite?
True
Is 2872437059 a composite number?
True
Is 2608022117 a composite number?
True
Is 4498728883 a composite number?
True
Is 8298810829 a composite number?
False
Is 140002846814 a composite number?
True
Is 34509847717 a composite number?
False
Is 20115811757 composite?
False
Is 45623711377 prime?
True
Is 3989875789 a prime number?
False
Is 616580177 composite?
False
Is 49104059987 a prime number?
True
Is 7638321693 prime?
False
Is 1145939479 a composite number?
False
Is 509110729 composite?
False
Is 147299320687 a prime number?
True
Is 17302600583 composite?
False
Is 242145857 a composite number?
True
Is 130204861 prime?
True
Is 302575069 a composite number?
True
Is 17963559893 composite?
False
Is 2860905133 a prime number?
False
Is 6180178639 prime?
False
Is 1295686451 a prime number?
False
Is 179159261 a prime number?
False
Is 10779570547 a composite number?
True
Is 177590821 composite?
False
Is 451068269 prime?
False
Is 1167920683 a composite number?
True
Is 1411808009 a prime number?
True
Is 9130072079 a composite number?
True
Is 1708481081 composite?
False
Is 22642526099 prime?
True
Is 471879437 prime?
True
Is 3529649821 a composite number?
False
Is 71860127 a prime number?
False
Is 31809529751 a composite number?
False
Is 2847911411 composite?
False
Is 11567458519 a prime number?
False
Is 4496304361 a prime number?
False
Is 36086635373 a composite number?
True
Is 922849561 a prime number?
False
Is 115996279751 a composite number?
True
Is 52039563041 a composite number?
False
Is 4992652943 composite?
True
Is 14786489 a prime number?
True
Is 15809133541 prime?
True
Is 56527632641 composite?
False
Is 109772180117 composite?
True
Is 6340051169 prime?
True
Is 24172020193 composite?
True
Is 65773551199 a prime number?
False
Is 2522251583 a prime number?
False
Is 5364603757 a composite number?
True
Is 16238272723 a composite number?
False
Is 334452413 a composite number?
False
Is 82283009 prime?
False
Is 1036505699 a composite number?
False
Is 34538461 a prime number?
True
Is 14675888827 a prime number?
True
Is 14987222077 a prime number?
True
Is 67223654147 composite?
True
Is 768712807 composite?
False
Is 2307377747 composite?
False
Is 1078777237 a prime number?
True
Is 5404759621 a prime number?
True
Is 131528885767 a composite number?
False
Is 28582688023 a prime number?
True
Is 13676089891 prime?
True
Is 5657362265 a prime number?
False
Is 141562867 composite?
True
Is 1546425547 prime?
False
Is 3359862043 prime?
True
Is 3339147641 prime?
True
Is 789139499 composite?
True
Is 31363940165 a composite number?
True
Is 279871271 a prime number?
True
Is 427747153 prime?
False
Is 188753899339 a composite number?
False
Is 2765789149 a composite number?
True
Is 301719503 a prime number?
True
Is 162427932643 a composite number?
False
Is 85215191 composite?
True
Is 8472829781 a composite number?
True
Is 4126579021 a composite number?
False
Is 223606959 a composite number?
True
Is 1642804871 a prime number?
True
Is 111357082583 a prime number?
True
Is 12434822677 a prime number?
False
Is 4876005809 a prime number?
False
Is 668123029 a composite number?
True
Is 102388916111 a prime number?
False
Is 6425243339 a prime number?
True
Is 139261243855 prime?
False
Is 27169254587 prime?
True
Is 13231907417 a composite number?
True
Is 2290046951 a prime number?
True
Is 1882551791 prime?
False
Is 498114761 composite?
False
Is 491753947 prime?
False
Is 19563403259 prime?
False
Is 1524451829 prime?
False
Is 1480675013 a prime number?
True
Is 25379767843 a composite number?
False
Is 21666345223 prime?
False
Is 2970702511 a prime number?
False
Is 2654483277 a composite number?
True
Is 26636989 a composite number?
True
Is 245406517 a prime number?
True
Is 233571283 a composite number?
True
Is 2160130571 a composite number?
True
Is 423959197 a prime number?
True
Is 678072187 composite?
True
Is 946879442 composite?
True
Is 28983418013 composite?
True
Is 22044317359 prime?
False
Is 33932831819 a prime number?
False
Is 754598857 a composite number?
True
Is 3292576069 composite?
False
Is 5076517399 a composite number?
False
Is 9613271453 prime?
False
Is 8376039965 a composite number?
True
Is 2463775459 prime?
False
Is 1932221933 prime?
True
Is 2328243601 a composite number?
False
Is 1697501269 a prime number?
False
Is 348115777 prime?
False
Is 500294639 composite?
True
Is 1024247513 prime?
True
Is 13227980261 a composite number?
False
Is 3103932889 composite?
True
Is 1504582741 composite?
False
Is 78720682819 prime?
True
Is 18525718082 composite?
True
Is 29616405727 composite?
True
Is 14397406231 composite?
True
Is 379996387 composite?
False
Is 578102659 prime?
True
Is 2076271763 composite?
True
Is 265167961 composite?
True
Is 227884129 a composite number?
True
Is 2243220559 prime?
False
Is 1008612157 a composite number?
True
Is 22089406373 prime?
False
Is 6289853891 prime?
True
Is 140128184497 prime?
False
Is 1828406189 composite?
True
Is 40702667 prime?
False
Is 6945234899 composite?
False
Is 68315151097 composite?
False
Is 152325379 a prime number?
True
Is 1669556621 prime?
False
Is 5589108029 a composite number?
True
Is 1737658327 a prime number?
False
Is 909696017 prime?
True
Is 91898075629 composite?
False
Is 6475182641 a prime number?
True
Is 1